 when 33251 is divided by 1281.
1226
Calculate the remainder when 64257 is divided by 180.
177
What is the remainder when 8629 is divided by 2143?
57
Calculate the remainder when 1318798 is divided by 239.
235
Calculate the remainder when 1884 is divided by 377.
376
Calculate the remainder when 358849 is divided by 27.
19
What is the remainder when 308101 is divided by 16?
5
Calculate the remainder when 16859 is divided by 233.
83
Calculate the remainder when 29248 is divided by 4082.
674
What is the remainder when 28653 is divided by 540?
33
Calculate the remainder when 13485 is divided by 2695.
10
What is the remainder when 8248 is divided by 162?
148
What is the remainder when 3976 is divided by 564?
28
Calculate the remainder when 2189 is divided by 481.
265
What is the remainder when 147938 is divided by 403?
37
Calculate the remainder when 34423 is divided by 133.
109
Calculate the remainder when 27168 is divided by 907.
865
What is the remainder when 2539 is divided by 138?
55
What is the remainder when 6323 is divided by 6266?
57
Calculate the remainder when 14943 is divided by 25.
18
What is the remainder when 607411 is divided by 101?
98
Calculate the remainder when 243 is divided by 124.
119
What is the remainder when 10863 is divided by 143?
138
Calculate the remainder when 14228 is divided by 418.
16
What is the remainder when 2320 is divided by 1197?
1123
Calculate the remainder when 126338 is divided by 42109.
11
What is the remainder when 3601 is divided by 1771?
59
What is the remainder when 109021 is divided by 666?
463
Calculate the remainder when 6601 is divided by 63.
49
What is the remainder when 46740 is divided by 46717?
23
Calculate the remainder when 25266 is divided by 90.
66
What is the remainder when 2850 is divided by 17?
11
Calculate the remainder when 2484 is divided by 1240.
4
Calculate the remainder when 48354 is divided by 48325.
29
What is the remainder when 306 is divided by 72?
18
What is the remainder when 158575 is divided by 848?
847
Calculate the remainder when 151164 is divided by 30.
24
What is the remainder when 9167 is divided by 30?
17
What is the remainder when 40000 is divided by 715?
675
Calculate the remainder when 6186 is divided by 296.
266
Calculate the remainder when 34930 is divided by 38.
8
What is the remainder when 36053 is divided by 107?
101
Calculate the remainder when 5383659 is divided by 282.
279
Calculate the remainder when 2349 is divided by 830.
689
Calculate the remainder when 53128 is divided by 8.
0
Calculate the remainder when 147346 is divided by 20.
6
Calculate the remainder when 194284 is divided by 231.
13
Calculate the remainder when 48185 is divided by 19.
1
Calculate the remainder when 146225 is divided by 339.
116
What is the remainder when 11655 is divided by 131?
127
What is the remainder when 3228 is divided by 1523?
182
Calculate the remainder when 352 is divided by 33.
22
Calculate the remainder when 6816 is divided by 852.
0
What is the remainder when 101398 is divided by 6?
4
What is the remainder when 39269 is divided by 165?
164
Calculate the remainder when 21598 is divided by 225.
223
Calculate the remainder when 59164 is divided by 3284.
52
What is the remainder when 21814 is divided by 10875?
64
Calculate the remainder when 16015 is divided by 44.
43
Calculate the remainder when 8374 is divided by 4185.
4
What is the remainder when 3350 is divided by 32?
22
Calculate the remainder when 2440 is divided by 1491.
949
Calculate the remainder when 60264 is divided by 48.
24
Calculate the remainder when 1407 is divided by 278.
17
What is the remainder when 1614901 is divided by 1348?
1345
What is the remainder when 1448 is divided by 461?
65
What is the remainder when 25133 is divided by 23?
17
What is the remainder when 16857 is divided by 623?
36
Calculate the remainder when 2002225 is divided by 166852.
1
Calculate the remainder when 1002 is divided by 84.
78
Calculate the remainder when 44041 is divided by 11.
8
What is the remainder when 852 is divided by 104?
20
Calculate the remainder when 2830 is divided by 405.
400
Calculate the remainder when 6199 is divided by 271.
237
What is the remainder when 850 is divided by 489?
361
Calculate the remainder when 5032 is divided by 62.
10
Calculate the remainder when 17917 is divided by 2959.
163
What is the remainder when 3360 is divided by 241?
227
What is the remainder when 59784 is divided by 1329?
1308
What is the remainder when 452215 is divided by 12?
7
Calculate the remainder when 9786 is divided by 988.
894
What is the remainder when 2397 is divided by 14?
3
What is the remainder when 15482 is divided by 14?
12
Calculate the remainder when 57962 is divided by 341.
333
What is the remainder when 13332 is divided by 1784?
844
Calculate the remainder when 27408 is divided by 5.
3
What is the remainder when 2610 is divided by 16?
2
Calculate the remainder when 111107 is divided by 1791.
65
What is the remainder when 28618 is divided by 1784?
74
Calculate the remainder when 71092 is divided by 846.
28
Calculate the remainder when 5792 is divided by 12.
8
What is the remainder when 26753 is divided by 2228?
17
What is the remainder when 134297 is divided by 3534?
5
Calculate the remainder when 47613 is divided by 32.
29
What is the remainder when 1205538 is divided by 200922?
6
What is the remainder when 852 is divided by 201?
48
Calculate the remainder when 2564 is divided by 117.
107
What is the remainder when 3386747 is divided by 475?
472
What is the remainder when 11738 is divided by 77?
34
What is the remainder when 39527 is divided by 366?
365
Calculate the remainder when 28072 is divided by 4.
0
What is the remainder when 26592 is divided by 135?
132
Calculate the remainder when 322780 is divided by 62.
8
What is the remainder when 19565 is divided by 757?
640
What is the remainder when 61717 is divided by 1064?
5
What is the remainder when 30817 is divided by 670?
667
What is the remainder when 691128 is divided by 64?
56
Calculate the remainder when 5209 is divided by 315.
169
Calculate the remainder when 536176 is divided by 166.
162
Calculate the remainder when 55011 is divided by 1342.
1331
What is the remainder when 3490 is divided by 869?
14
Calculate the remainder when 30717 is divided by 10236.
9
Calculate the remainder when 8382 is divided by 2574.
660
Calculate the remainder when 12897 is divided by 43.
40
Calculate the remainder when 21612 is divided by 10571.
470
What is the remainder when 135674 is divided by 210?
14
What is the remainder when 285211 is divided by 4600?
11
Calculate the remainder when 1133005 is divided by 263.
1
What is the remainder when 47490 is divided by 23745?
0
What is the remainder when 5185 is divided by 118?
111
What is the remainder when 198161 is divided by 981?
980
What is the remainder when 56388 is divided by 46?
38
Calculate the remainder when 37893 is divided by 225.
93
Calculate the remainder when 2261 is divided by 1125.
11
What is the remainder when 1032 is divided by 201?
27
What is the remainder when 230364 is divided by 1379?
71
What is the remainder when 86770 is divided by 15?
10
What is the remainder when 2390 is divided by 1190?
10
Calculate the remainder when 628631 is divided by 233.
230
What is the remainder when 8501 is divided by 123?
14
What is the remainder when 87331 is divided by 5821?
16
Calculate the remainder when 75297 is divided by 558.
525
What is the remainder when 8611679 is divided by 160?
159
Calculate the remainder when 16276 is divided by 8138.
0
What is the remainder when 2150 is divided by 546?
512
Calculate the remainder when 12445 is divided by 2444.
225
What is the remainder when 11531 is divided by 1256?
227
What is the remainder when 41316 is divided by 544?
516
Calculate the remainder when 3694244 is divided by 67.
65
What is the remainder when 7914 is divided by 344?
2
What is the remainder when 1851 is divided by 93?
84
What is the remainder when 34691 is divided by 53?
29
Calculate the remainder when 115910 is divided by 16558.
4
What is the remainder when 7526 is divided by 947?
897
What is the remainder when 181613 is divided by 20?
13
What is the remainder when 12549 is divided by 32?
5
What is the remai